{"id":522,"date":"2023-11-28T07:19:53","date_gmt":"2023-11-28T06:19:53","guid":{"rendered":"https:\/\/ampaceiplasantacruz.es\/index.php\/live-radio\/"},"modified":"2024-04-25T14:15:23","modified_gmt":"2024-04-25T13:15:23","slug":"radio_ready_santa_cruz","status":"publish","type":"page","link":"https:\/\/ampaceiplasantacruz.es\/index.php\/radio_ready_santa_cruz\/","title":{"rendered":"Radio READY \u00abSanta Cruz\u00bb"},"content":{"rendered":"\n<p class=\"has-medium-font-size\">\u00a1Bienvenidos a Radio READY Santa Cruz!<\/p>\n\n\n\n<p class=\"has-medium-font-size\">Sum\u00e9rgete en el emocionante mundo de la radio escolar con nosotros en el CEIP La Santa Cruz. Nuestra estaci\u00f3n, <strong>Radio READY \u00abSanta Cruz\u00bb<\/strong>, es el lugar donde la creatividad y el talento estudiantil se unen para brindarte programas llenos de diversi\u00f3n y aprendizaje.<\/p>\n\n\n<div class=\"wp-block-image\">\n<figure class=\"aligncenter size-full is-resized\"><img loading=\"lazy\" decoding=\"async\" width=\"1024\" height=\"1024\" src=\"https:\/\/ampaceiplasantacruz.es\/wp-content\/uploads\/2024\/04\/Designer.jpeg\" alt=\"\" class=\"wp-image-583\" style=\"width:450px\" srcset=\"https:\/\/ampaceiplasantacruz.es\/wp-content\/uploads\/2024\/04\/Designer.jpeg 1024w, https:\/\/ampaceiplasantacruz.es\/wp-content\/uploads\/2024\/04\/Designer-300x300.jpeg 300w, https:\/\/ampaceiplasantacruz.es\/wp-content\/uploads\/2024\/04\/Designer-150x150.jpeg 150w, https:\/\/ampaceiplasantacruz.es\/wp-content\/uploads\/2024\/04\/Designer-768x768.jpeg 768w\" sizes=\"auto, (max-width: 1024px) 100vw, 1024px\" \/><\/figure>\n<\/div>\n\n\n<p class=\"has-medium-font-size\">Desde emocionantes programas hasta chistes ingeniosos, nuestra radio ofrece una amplia variedad de contenido para todos los gustos. Descubre las voces y las historias de nuestros estudiantes mientras comparten sus experiencias y conocimientos.<\/p>\n\n\n\n<p class=\"has-medium-font-size\">Sintoniza nuestra radio en l\u00ednea y d\u00e9jate llevar por la energ\u00eda contagiosa de nuestros programas. Ya sea que est\u00e9s buscando entretenimiento o informaci\u00f3n educativa, \u00a1Radio READY Santa Cruz tiene algo especial para ti!<\/p>\n\n\n<p style=\"text-align: center;\"><div class=\"radio_player\" data-player-type=\"shortcode\" data-data=\"eyJpZCI6MiwidGl0bGUiOiJSYWRpbyIsInN0aWNreSI6ZmFsc2UsInN0YXR1cyI6dHJ1ZSwic2tpbiI6InNraW4yIiwic3RhdGlvbnMiOlt7InRpdGxlIjoiUmFkaW8gUkVBRFkgXCJTYW50YSBDcnV6XCIiLCJzdHJlYW0iOiJodHRwczpcL1wvc3RyZWFtLnplbm8uZm1cL2ZucW1xbHhmem5ydXYiLCJ0aHVtYm5haWwiOiJodHRwczpcL1wvYW1wYWNlaXBsYXNhbnRhY3J1ei5lc1wvd3AtY29udGVudFwvdXBsb2Fkc1wvMjAyM1wvMDJcL0NFSVAtTGEtU2FudGEtQ3J1ei1DYXJhdmFjYS5wbmciLCJzb3VyY2VfdHlwZSI6InN0cmVhbSJ9XSwicG9wdXBfaWNvbiI6ZmFsc2UsInBsYXlsaXN0X2ljb24iOmZhbHNlLCJoaXN0b3J5X2ljb24iOmZhbHNlLCJ2b2x1bWVfY29udHJvbCI6dHJ1ZSwicGxheWVyX3N0YXR1cyI6dHJ1ZSwic2hvd19hcnRpc3QiOmZhbHNlLCJzaG93X2FydHdvcmsiOmZhbHNlLCJwbGF5ZXJfdGV4dCI6Ikxpc3RlbiBMaXZlIiwid2lkdGgiOjU0MCwid2lkdGhfbW9iaWxlIjozMjAsImJvcmRlcl9yYWRpdXMiOjIyLCJiZ19jb2xvciI6IiM1NTgxQTQiLCJiZ19pbWFnZSI6Imh0dHBzOlwvXC9hbXBhY2VpcGxhc2FudGFjcnV6LmVzXC93cC1jb250ZW50XC9wbHVnaW5zXC9yYWRpby1wbGF5ZXJcL2Fzc2V0c1wvaW1hZ2VzXC9wbGF5ZXItYmcucG5nIiwiYmdfdHlwZSI6ImNvbG9yIiwiY29sb3JfdHlwZSI6InNvbGlkIiwidGV4dF9jb2xvciI6IiNmZmYiLCJib3hfc2hhZG93Ijp0cnVlLCJib3hfc2hhZG93X2giOjAsImJveF9zaGFkb3dfdiI6MjUsImJveF9zaGFkb3dfYmx1ciI6MjAsImJveF9zaGFkb3dfc3ByZWFkIjotMjUsImJveF9zaGFkb3dfY29sb3IiOiJyZ2JhKDAsIDAsIDAsIDAuNDUpIiwiYm94X3NoYWRvd190eXBlIjoiIiwic2hvd190aXRsZSI6ZmFsc2V9\"><\/div><\/p>\n\n\n<p><\/p>\n\n\n\n<p class=\"has-text-align-center has-medium-font-size\"><strong>\u00a1No te pierdas ni un segundo de nuestra emocionante programaci\u00f3n!<\/strong><\/p>\n","protected":false},"excerpt":{"rendered":"<p>\u00a1Bienvenidos a Radio READY Santa Cruz! Sum\u00e9rgete en el emocionante mundo de la radio escolar con nosotros en el CEIP La Santa Cruz. Nuestra estaci\u00f3n, Radio READY \u00abSanta Cruz\u00bb, es el lugar donde la creatividad y el talento estudiantil se unen para brindarte programas llenos de diversi\u00f3n y aprendizaje. Desde emocionantes programas hasta chistes ingeniosos, [&hellip;]<\/p>\n","protected":false},"author":1,"featured_media":0,"parent":0,"menu_order":0,"comment_status":"closed","ping_status":"closed","template":"","meta":{"episode_type":"","audio_file":"","cover_image":"","cover_image_id":"","duration":"","filesize":"","date_recorded":"","explicit":"","block":"","itunes_episode_number":"","itunes_title":"","itunes_season_number":"","itunes_episode_type":"","filesize_raw":"","footnotes":""},"class_list":["post-522","page","type-page","status-publish","hentry","post"],"_links":{"self":[{"href":"https:\/\/ampaceiplasantacruz.es\/index.php\/wp-json\/wp\/v2\/pages\/522","targetHints":{"allow":["GET"]}}],"collection":[{"href":"https:\/\/ampaceiplasantacruz.es\/index.php\/wp-json\/wp\/v2\/pages"}],"about":[{"href":"https:\/\/ampaceiplasantacruz.es\/index.php\/wp-json\/wp\/v2\/types\/page"}],"author":[{"embeddable":true,"href":"https:\/\/ampaceiplasantacruz.es\/index.php\/wp-json\/wp\/v2\/users\/1"}],"replies":[{"embeddable":true,"href":"https:\/\/ampaceiplasantacruz.es\/index.php\/wp-json\/wp\/v2\/comments?post=522"}],"version-history":[{"count":15,"href":"https:\/\/ampaceiplasantacruz.es\/index.php\/wp-json\/wp\/v2\/pages\/522\/revisions"}],"predecessor-version":[{"id":635,"href":"https:\/\/ampaceiplasantacruz.es\/index.php\/wp-json\/wp\/v2\/pages\/522\/revisions\/635"}],"wp:attachment":[{"href":"https:\/\/ampaceiplasantacruz.es\/index.php\/wp-json\/wp\/v2\/media?parent=522"}],"curies":[{"name":"wp","href":"https:\/\/api.w.org\/{rel}","templated":true}]}}