{"id":209,"date":"2023-02-01T12:24:22","date_gmt":"2023-02-01T11:24:22","guid":{"rendered":"https:\/\/ampaceiplasantacruz.es\/?page_id=209"},"modified":"2023-03-23T21:20:04","modified_gmt":"2023-03-23T20:20:04","slug":"establecimientos-colaboradores","status":"publish","type":"page","link":"https:\/\/ampaceiplasantacruz.es\/index.php\/establecimientos-colaboradores\/","title":{"rendered":"Beneficios para socios del AMPA."},"content":{"rendered":"\n<p style=\"font-style:normal;font-weight:400\">Desde la Junta Directiva del AMPA \u00abCEIP La Santa Cruz\u00bb queremos aportar valor a\u00f1adido a todas aquellas familias que apuestan por nosotros. Nuestro objetivo es conseguir ventajas, beneficios, descuentos, promociones\u2026  en aquellas empresas y establecimientos colaboradores, que de forma solidaria contribuyen a nuestro proyecto.<\/p>\n\n\n\n<figure class=\"wp-block-image size-full\"><img loading=\"lazy\" decoding=\"async\" width=\"128\" height=\"128\" src=\"https:\/\/ampaceiplasantacruz.es\/wp-content\/uploads\/2022\/08\/3749832.png\" alt=\"\" class=\"wp-image-109\"\/><\/figure>\n\n\n\n<p style=\"font-style:normal;font-weight:400\">Para poder beneficiaros, deber\u00e9is presentar vuestro Carnet del AMPA \u00abCEIP La Santa Cruz\u00bb en vigor.<\/p>\n\n\n\n<p style=\"font-style:normal;font-weight:400\">Y si, adem\u00e1s, con esta iniciativa conseguimos fomentar las compras y actividades del negocio local, nos sentiremos plenamente satisfechos.<\/p>\n\n\n\n<h2 class=\"has-text-align-center wp-block-heading\"><mark style=\"background-color:rgba(0, 0, 0, 0)\" class=\"has-inline-color has-vivid-red-color\">EMPRESAS COLABORADORAS<\/mark><\/h2>\n\n\n\n<p style=\"font-style:normal;font-weight:400\">En esta secci\u00f3n aparecen todos los comercios y empresas que ofrecen sus servicios a precios o condiciones especiales a los Asociados, previa presentaci\u00f3n del carnet en vigor. Si quieres ofrecer beneficios a nuestros asociados ponte en contacto con nosotros a trav\u00e9s del email <strong>santacruzampa@gmail.com<\/strong><\/p>\n\n\n\n<p><\/p>\n\n\n\n<hr class=\"wp-block-separator aligncenter has-alpha-channel-opacity is-style-dots\"\/>\n\n\n<div class=\"wp-block-image\">\n<figure class=\"aligncenter size-full is-resized\"><img loading=\"lazy\" decoding=\"async\" src=\"https:\/\/ampaceiplasantacruz.es\/wp-content\/uploads\/2023\/02\/5346_220126logo.png\" alt=\"\" class=\"wp-image-210\" width=\"299\" height=\"161\" srcset=\"https:\/\/ampaceiplasantacruz.es\/wp-content\/uploads\/2023\/02\/5346_220126logo.png 670w, https:\/\/ampaceiplasantacruz.es\/wp-content\/uploads\/2023\/02\/5346_220126logo-300x161.png 300w\" sizes=\"auto, (max-width: 299px) 100vw, 299px\" \/><\/figure>\n<\/div>\n\n\n<figure class=\"wp-block-pullquote has-medium-font-size\" style=\"font-style:normal;font-weight:400\"><blockquote><p><strong>La Colegiala panader\u00eda artesana<\/strong><\/p><cite>Av. Juan Carlos I, 17, 30400 Caravaca de la Cruz, Murcia<br>968 92 80 00<br><a href=\"https:\/\/www.facebook.com\/lacolegiala\">La Colegiala Panader\u00eda Artesana en Facebook<\/a><br><br><strong>15% dto. en las compras realizadas.<\/strong><\/cite><\/blockquote><\/figure>\n\n\n<div class=\"wp-block-image\">\n<figure class=\"aligncenter size-full is-resized\"><img loading=\"lazy\" decoding=\"async\" src=\"https:\/\/ampaceiplasantacruz.es\/wp-content\/uploads\/2023\/02\/308128181_384744387201723_7393042862879670383_n.jpg\" alt=\"\" class=\"wp-image-211\" width=\"323\" height=\"242\" srcset=\"https:\/\/ampaceiplasantacruz.es\/wp-content\/uploads\/2023\/02\/308128181_384744387201723_7393042862879670383_n.jpg 576w, https:\/\/ampaceiplasantacruz.es\/wp-content\/uploads\/2023\/02\/308128181_384744387201723_7393042862879670383_n-300x225.jpg 300w\" sizes=\"auto, (max-width: 323px) 100vw, 323px\" \/><\/figure>\n<\/div>\n\n\n<figure class=\"wp-block-pullquote has-medium-font-size\" style=\"font-style:normal;font-weight:400\"><blockquote><p><strong>Librer\u00eda Endrino<\/strong><\/p><cite>Av. Juan Carlos I, 23, 30400 Caravaca de la Cruz, Murcia<br>968 95 37 46<br><a href=\"https:\/\/www.facebook.com\/libreria.endrino\">Librer\u00eda Endrino en Facebook<\/a><br><br><strong>10% dto. en material escolar (excepto en campa\u00f1a de inicio de curso).<\/strong><\/cite><\/blockquote><\/figure>\n\n\n<div class=\"wp-block-image\">\n<figure class=\"aligncenter size-full\"><img loading=\"lazy\" decoding=\"async\" width=\"400\" height=\"107\" src=\"https:\/\/ampaceiplasantacruz.es\/wp-content\/uploads\/2023\/02\/games-effect-logo-1573324590.png\" alt=\"\" class=\"wp-image-212\" srcset=\"https:\/\/ampaceiplasantacruz.es\/wp-content\/uploads\/2023\/02\/games-effect-logo-1573324590.png 400w, https:\/\/ampaceiplasantacruz.es\/wp-content\/uploads\/2023\/02\/games-effect-logo-1573324590-300x80.png 300w\" sizes=\"auto, (max-width: 400px) 100vw, 400px\" \/><\/figure>\n<\/div>\n\n\n<figure class=\"wp-block-pullquote has-medium-font-size\" style=\"font-style:normal;font-weight:400\"><blockquote><p><strong>GAMES EFFECT<\/strong><\/p><cite>Av. Juan Carlos I, 41, 30400 Caravaca de la Cruz, Murcia<br>600 53 71 28<br><a href=\"https:\/\/www.gameseffect.es\/\">Games Effect sitio Web<\/a> \u00b7 <a href=\"https:\/\/www.facebook.com\/GamesEffect.es\">Games Effect en Facebook<\/a><br><br><strong>5% dto. en todos los juegos de mesa (excepto juegos de cartas coleccionables), No acumulable a otros descuentos a juegos.<\/strong><br><strong>Magic the Gathering: sobre de bienvenida de regalo para nuevos jugadores.<\/strong><br><strong>Zona de videojuegos: 20 minutos extras de juego por cada 1 hora. V\u00e1lido&nbsp;s\u00f3lo&nbsp;1&nbsp;vez\/d\u00eda.<\/strong><\/cite><\/blockquote><\/figure>\n\n\n<div class=\"wp-block-image is-style-default\">\n<figure class=\"aligncenter size-full is-resized\"><img loading=\"lazy\" decoding=\"async\" src=\"https:\/\/ampaceiplasantacruz.es\/wp-content\/uploads\/2023\/02\/Jumaca.jpg\" alt=\"\" class=\"wp-image-408\" width=\"332\" height=\"189\"\/><\/figure>\n<\/div>\n\n\n<figure class=\"wp-block-pullquote has-medium-font-size\" style=\"font-style:normal;font-weight:400\"><blockquote><p><strong>Viveros Jumaca<\/strong><\/p><cite>Calle Casa Ca\u00f1ones, 2, 30410 Navares (Caravaca de la Cruz), Murcia<br>968 72 85 11<br><a href=\"https:\/\/www.facebook.com\/profile.php?id=100077699799810\">Viveros Jumaca en Facebook<\/a><br><br><strong>10% dto. en Agricentro Jumaca, Florister\u00eda Jumaca y&nbsp;Viveros&nbsp;Jumaca<\/strong><\/cite><\/blockquote><\/figure>\n\n\n<div class=\"wp-block-image is-style-default\">\n<figure class=\"aligncenter size-full\"><img loading=\"lazy\" decoding=\"async\" width=\"279\" height=\"72\" src=\"https:\/\/ampaceiplasantacruz.es\/wp-content\/uploads\/2023\/02\/Laser-Fotografos.jpg\" alt=\"\" class=\"wp-image-487\"\/><\/figure>\n<\/div>\n\n\n<figure class=\"wp-block-pullquote has-medium-font-size\" style=\"font-style:normal;font-weight:400\"><blockquote><p><strong>Laser Fot\u00f3grafos<\/strong><\/p><cite>Av. Juan Carlos I, 3, 30400 Caravaca de la Cruz, Murcia<br>968 70 70 58 &#8211; 679 48 33 83<br><a href=\"https:\/\/www.facebook.com\/profile.php?id=100026605614378\">Laser Fot\u00f3grafos en Facebook<\/a> \u00b7 <a href=\"https:\/\/www.instagram.com\/laser_fotografos\/?hl=es\" data-type=\"URL\" data-id=\"https:\/\/www.instagram.com\/laser_fotografos\/?hl=es\">Laser Fot\u00f3grafos en Instagram<\/a><br><br><strong>10% dto. en los siguientes productos<\/strong> <strong>sesiones en Estudio o Exteriores de:<br>Embarazada<br>NewBorn<br>Bebes<br>Ni\u00f1os<br>Fotograf\u00eda de Carn\u00e9<br>Foto Decoraci\u00f3n<br>Impresi\u00f3n de fotograf\u00edas<\/strong><br><strong><br>5% dto. en los siguientes productos<br>Reportajes de comuni\u00f3n<br>Reportajes de bautizo <\/strong><\/cite><\/blockquote><\/figure>\n\n\n<div class=\"wp-block-image is-style-default\">\n<figure class=\"aligncenter size-large is-resized\"><img loading=\"lazy\" decoding=\"async\" src=\"https:\/\/ampaceiplasantacruz.es\/wp-content\/uploads\/2023\/03\/la_pampa-1024x1024.jpg\" alt=\"\" class=\"wp-image-493\" width=\"350\" height=\"350\" srcset=\"https:\/\/ampaceiplasantacruz.es\/wp-content\/uploads\/2023\/03\/la_pampa-1024x1024.jpg 1024w, https:\/\/ampaceiplasantacruz.es\/wp-content\/uploads\/2023\/03\/la_pampa-300x300.jpg 300w, https:\/\/ampaceiplasantacruz.es\/wp-content\/uploads\/2023\/03\/la_pampa-150x150.jpg 150w, https:\/\/ampaceiplasantacruz.es\/wp-content\/uploads\/2023\/03\/la_pampa-768x768.jpg 768w, https:\/\/ampaceiplasantacruz.es\/wp-content\/uploads\/2023\/03\/la_pampa-1536x1536.jpg 1536w, https:\/\/ampaceiplasantacruz.es\/wp-content\/uploads\/2023\/03\/la_pampa.jpg 2048w, https:\/\/ampaceiplasantacruz.es\/wp-content\/uploads\/2023\/03\/la_pampa-90x90.jpg 90w, https:\/\/ampaceiplasantacruz.es\/wp-content\/uploads\/2023\/03\/la_pampa-380x380.jpg 380w\" sizes=\"auto, (max-width: 350px) 100vw, 350px\" \/><\/figure>\n<\/div>\n\n\n<figure class=\"wp-block-pullquote has-medium-font-size\" style=\"font-style:normal;font-weight:400\"><blockquote><p><strong>La Pampa<\/strong><\/p><cite>Av. Juan Carlos I, 36, 30400 Caravaca de la Cruz, Murcia<br>698 95 78 05<br><br><strong>PDT. dto. <\/strong><\/cite><\/blockquote><\/figure>\n","protected":false},"excerpt":{"rendered":"<p>Desde la Junta Directiva del AMPA \u00abCEIP La Santa Cruz\u00bb queremos aportar valor a\u00f1adido a todas aquellas familias que apuestan por nosotros. Nuestro objetivo es conseguir ventajas, beneficios, descuentos, promociones\u2026 en aquellas empresas y establecimientos colaboradores, que de forma solidaria contribuyen a nuestro proyecto. Para poder beneficiaros, deber\u00e9is presentar vuestro Carnet del AMPA \u00abCEIP La [&hellip;]<\/p>\n","protected":false},"author":1,"featured_media":0,"parent":0,"menu_order":0,"comment_status":"closed","ping_status":"closed","template":"page-templates\/full-width-page.php","meta":{"episode_type":"","audio_file":"","cover_image":"","cover_image_id":"","duration":"","filesize":"","date_recorded":"","explicit":"","block":"","itunes_episode_number":"","itunes_title":"","itunes_season_number":"","itunes_episode_type":"","filesize_raw":"","footnotes":""},"class_list":["post-209","page","type-page","status-publish","hentry","post"],"_links":{"self":[{"href":"https:\/\/ampaceiplasantacruz.es\/index.php\/wp-json\/wp\/v2\/pages\/209","targetHints":{"allow":["GET"]}}],"collection":[{"href":"https:\/\/ampaceiplasantacruz.es\/index.php\/wp-json\/wp\/v2\/pages"}],"about":[{"href":"https:\/\/ampaceiplasantacruz.es\/index.php\/wp-json\/wp\/v2\/types\/page"}],"author":[{"embeddable":true,"href":"https:\/\/ampaceiplasantacruz.es\/index.php\/wp-json\/wp\/v2\/users\/1"}],"replies":[{"embeddable":true,"href":"https:\/\/ampaceiplasantacruz.es\/index.php\/wp-json\/wp\/v2\/comments?post=209"}],"version-history":[{"count":60,"href":"https:\/\/ampaceiplasantacruz.es\/index.php\/wp-json\/wp\/v2\/pages\/209\/revisions"}],"predecessor-version":[{"id":498,"href":"https:\/\/ampaceiplasantacruz.es\/index.php\/wp-json\/wp\/v2\/pages\/209\/revisions\/498"}],"wp:attachment":[{"href":"https:\/\/ampaceiplasantacruz.es\/index.php\/wp-json\/wp\/v2\/media?parent=209"}],"curies":[{"name":"wp","href":"https:\/\/api.w.org\/{rel}","templated":true}]}}